s).
0
Let u(j) be the second derivative of -j**4/12 - 5*j**3/6 - 2*j**2 + 8*j. Suppose -10 = -3*w + 5*w. What is u(w)?
-4
Let a = -48 - -42. Let d(x) = -x - 6 + 0*x - 5. What is d(a)?
-5
Let z(o) = -o. Let c(v) = v. Let x(u) = 6*c(u) + 5*z(u). Determine x(-4).
-4
Suppose -11 = -5*c - d, 4*c + 4*d = -0*d - 4. Let q(p) = -2*p + 4. What is q(c)?
-2
Suppose 0 = 4*k - 9*k - 25. Let d(y) = y**2 + 6*y - 3. Give d(k).
-8
Let k(a) = 2*a + 5. Let s be k(12). Let y(z) = 28*z**3 - s*z**3 - 1 + 0 - 2*z. Give y(-1).
2
Suppose v = -3*v + 24. Let i(f) be the second derivative of -f**3/6 - f**2/2 + 6*f. Give i(v).
-7
Suppose -7*n + 8 = 1. Let u(q) = 13*q + 1. Calculate u(n).
14
Suppose -2*g + 5*d = -4*g + 11, 5*d - 25 = 5*g. Let v(r) be the first derivative of r**4/2 + r**3/3 + r**2 + 2*r + 7. Calculate v(g).
-14
Suppose -21 = -10*t + 9. Let k(d) = 2*d. Determine k(t).
6
Let v(z) be the first derivative of z**4/4 + 4*z**3/3 + z**2/2 + z + 3. Suppose -3*j + 15 = -8*j. Calculate v(j).
7
Let r(j) = -2*j**3 - 19*j**2 - 11*j - 11. Let f(b) = b**3 + 10*b**2 + 6*b + 6. Let x(s) = 7*f(s) + 4*r(s). What is x(-3)?
-23
Suppose 2*c = -2*c + 16. Let x(f) be the first derivative of 4*f - 2 - 1/2*f**2. Calculate x(c).
0
Let q(c) = c - 17. Let g = -82 + 91. Determine q(g).
-8
Let x(j) = -5*j**2. Let l be x(-1). Let h = -3 - -12. Let r = h + l. Let p(t) = t**3 - 4*t**2 + t - 1. Give p(r).
3
Let q(k) be the first derivative of -5/3*k**3 + 4 + 0*k - 1/2*k**2. Determine q(-1).
-4
Let c(z) be the second derivative of -z**4/6 + z**3/2 - z. What is c(2)?
-2
Let o(w) = 4*w + 0 + 9*w - 5 + 3. What is o(2)?
24
Let m(c) = -2*c**2 + c - 5. Let n(d) = 2 - 1 + 0. Let f(q) = -m(q) - 4*n(q). Give f(2).
7
Let x(g) = g**3 + 11*g**2 - 10*g + 20. Let d be x(-12). Let b(z) = z - 5. What is b(d)?
-9
Suppose -5*t + 20 = 2*p, t - p + 23 = 4*p. Let k(g) = -3*g**2 + 2*g**t + 2*g**2 + 3 + 4*g. Let j(a) = 2*a + 11. Let d be j(-7). Calculate k(d).
0
Let z be -4 - -2 - (-14 - 1). Let w = z + 9. Suppose -w + 2 = -4*a, -4*a + 25 = -d. Let u(l) = l**2 + 3*l - 2. Determine u(d).
8
Let g(p) be the first derivative of 2 + 1/24*p**4 + 0*p + p**2 + 7/6*p**3. Let m(i) be the second derivative of g(i). What is m(-4)?
3
Let w(y) = y**2 + 5*y + 1. Let b be 1 - (-1 - -1) - -1. Suppose x - 8 = -v - b*x, -v + x = 8. Let s be (v/(-5))/((-6)/30). Give w(s).
-3
Let n(c) be the third derivative of -c**6/120 + c**5/30 - c**4/6 + c**3/3 + 8*c**2. Calculate n(2).
-6
Let d(n) = -n**3 + 5*n**2 + 7*n + 6. Let c = -9 - -15. Give d(c).
12
Let l(m) = 21*m - 59*m - 7 + 31*m - m**2. Let i be ((-6)/(-8))/(1/(-8)). Calculate l(i).
-1
Let j(p) = -p - 2. Let m(y) = y - 24. Let n be m(16). Determine j(n).
6
Suppose -2*d + 26 = 38. Let r(z) = -z - 14. Calculate r(d).
-8
Let q(n) = -2*n + 24. Let p be q(11). Let k(i) be the first derivative of 1 + 7*i + 3/2*i**p. What is k(-5)?
-8
Suppose 3*j + 23 = -n, 3*j - 3*n = -4 + 1. Let i(x) = -x - 4. Determine i(j).
2
Suppose -3*a + u + 0 = 5, 0 = 4*a - 2*u + 4. Let c be (a/2)/(-1)*2. Let b(g) be the second derivative of -g**3/6 - 2*g**2 - g. What is b(c)?
-7
Suppose -5*f + 3 = 2*k, 3*k + 6 = 3*f - 0*f. Suppose 3*a - 6 = a. Let m(r) = 0 + 2*r**a + 2*r**2 + 0*r**3 - 1 + 0. What is m(k)?
-1
Let l(m) = -m**2 - m - 17. Suppose 0*s - 2*s = 0. What is l(s)?
-17
Let m be 1*2*3/6. Let j(g) = -2*g**2 - g - 4. Let r(u) = 5*u**2 + 2*u + 7. Suppose -x + 4 = 11. Let p(b) = x*j(b) - 4*r(b). What is p(m)?
-7
Let z be (-2)/4 + 1/2. Suppose z = 4*a + 12, 2*d + 8*a + 11 = 3*a. Suppose 1 = d*y - u, 0*u = -4*u - 4. Let m(i) = -i + 4. Calculate m(y).
4
Let a(c) = -c + 5. Let h(p) = -p**2 - 4*p. Let v be h(-3). Suppose 5*t = -j + 30, j + 24 = t + v*t. Give a(t).
-1
Let b(d) = -14*d**2 + 32*d + 46. Let h(t) = -5*t**2 + 11*t + 16. Let w(a) = 6*b(a) - 17*h(a). Give w(-3).
-2
Let u(d) = d + 12. Let l be u(-10). Let j(i) = 2*i - 11. Let c be j(9). Let m(h) = -1 - 3*h + 9*h**2 - c*h**2 + h. What is m(l)?
3
Let i be (-6)/33 + 70/22. Suppose 0 = -i*s + 9. Let q(l) = l**3 + l - 2*l + s + l**2 + 2*l**2. What is q(-3)?
6
Let f(g) = g**2 + 3*g - 5. Let t = 8 + -13. Let n be f(t). Let h(i) = -9*i - 15. Let d(l) = -20*l - 32. Let w(v) = -4*d(v) + 9*h(v). Calculate w(n).
-12
Let i(y) = 2*y**2 + 5*y - 2 + 2 + 5 - 2. Let j = 26 + -29. Calculate i(j).
6
Let q(g) = 2*g + 2 + 0*g - g + 8*g. Determine q(2).
20
Let f(d) = -d**3 + 4*d**2 - d - 1. Suppose 6*w + 20 = 11*w. Calculate f(w).
-5
Let w(h) = 2*h**2 - 3*h - 4. Suppose 2*k - 5*k = -144. Suppose -k = -3*i - i. Let l be 2*1*i/8. What is w(l)?
5
Let o = 9 + -16. Let u be 3 + -1 + 1*o. Let j(f) = -f**2 - 7*f - 7. Let t be j(u). Let s(d) = d**3 - 4*d**2 + 2*d - 1. Determine s(t).
-4
Suppose 2 = -2*m - 0*m. Let a(w) = -5 - 34*w + 29*w + 6. Determine a(m).
6
Let v(d) be the third derivative of 3*d**4/8 + d**3/6 - 16*d**2. Let u(k) = -k + 5. Let t be u(6). Determine v(t).
-8
Suppose -5*d = -3*y - 0*d + 24, -5*y - 4*d = -3. Let p(m) be the second derivative of y*m**2 - 3*m + 1/12*m**4 + 7/6*m**3 + 0. Calculate p(-4).
-6
Let c(f) = -f**3 + f**2 + 1. Let r = 22 + -18. Let i be (-5)/(-5) - (r - 1). Calculate c(i).
13
Let i(p) = 25*p**3 + 3 - p**2 - 15*p**3 - 2*p - 9*p**3. Give i(3).
15
Suppose 3*t - j - 4 = 0, j + 6 = 4*t + 2. Let c(w) = 2 + t*w - w - 1. Give c(-2).
3
Let f = 1 + 0. Suppose u = 3*y - f, -y = -5*y + 3*u + 8. Let c = -4 + y. Let v(m) = m**3 + 4*m**2 - 8*m - 3. Give v(c).
12
Let x(o) be the second derivative of -o**4/12 - 3*o**3/2 + o**2 - 10*o. Calculate x(-7).
16
Let d(s) = s**3 - 7*s**2 + 8*s - 9. Let p(f) = f**2 - 7*f - 12. Let g be p(9). Calculate d(g).
3
Suppose 4*x = -t + 10, 2*x = 3*x - t. Let s(m) = -5 + 3 - 5*m - x. What is s(-3)?
11
Let m(l) = 4*l - 5*l - l - 3 - 2*l. Calculate m(-3).
9
Let o(d) = -d**3 + 4*d**2 - 3*d + 4. Let b be o(3). Let v(t) = -t - 11. Suppose 7 = -2*l + 11. Let p(w) = -4. Let x(a) = l*v(a) - 7*p(a). What is x(b)?
-2
Suppose 3*n - 2 - 7 = 0. Let x(d) = 25*d - 3 - 24*d - 2. What is x(n)?
-2
Suppose -r - 3*r = -20. Suppose -7 - r = 4*b. Let m(s) = -2*s. What is m(b)?
6
Let r(a) be the third derivative of 5/24*a**4 + 1/60*a**5 + 0 + 0*a + 1/2*a**3 - a**2. Give r(-3).
-3
Let z(r) = r**2 + 4*r + 3 - 8 + 7 - 3. Give z(-4).
-1
Let b(t) = -9*t - 29. Let k(x) = -5*x - 15. Let g(z) = 6*b(z) - 11*k(z). Suppose -21 = 5*s + 24. Let u = -4 - s. Give g(u).
-4
Let j(h) = -h**3 + 6*h**2 - 5*h - 5. Suppose -4*l + 43 = -2*y + 13, 10 = -2*l - 4*y. Let a be j(l). Let c(u) = -29*u + 8*u + 6*u + 14*u - 4. Give c(a).
1
Let j(n) = 11*n - 53. Let f be j(5). Let o(z) = 6*z**3 - 3*z**2 + 8*z + 5. Let i(r) = -7*r**3 + 3*r**2 - 9*r - 6. Let u(m) = 5*i(m) + 6*o(m). What is u(f)?
2
Let x be 3/(-6) - (-13)/2. Let s(h) = h**2 + 5 + x*h - 2 - 1 + 0. Let l = -17 - -12. Determine s(l).
-3
Let r be (-19)/(-3) + 10/15. Let t(a) be the third derivative of a**4/24 - a**3 - 3*a**2. Calculate t(r).
1
Let q(z) be the third derivative of -z**6/120 + z**5/20 + z**4/6 - 2*z**3/3 + 4*z**2. Let r(f) = f**3 + 8*f**2 - 11*f - 14. Let h be r(-9). What is q(h)?
-4
Let n(z) = z - 2. Let k be n(-5). Let v = k - -6. Let g(t) = -t - 3 + 5 - 1. What is g(v)?
2
Let o(l) be the third derivative of l**6/120 - l**5/10 + l**4/4 - 7*l**3/6 + 5*l**2. Suppose -4 = 2*v + 2. Let d be 8 + v + -1 + 1. Calculate o(d).
-2
Let q(w) = -6*w**3 + 2*w - 1. Let x = -72 + 73. Calculate q(x).
-5
Let z(y) = 10*y. Let l(m) = -m + 9. Let b be l(10). What is z(b)?
-10
Suppose 5*r - 4*s + 4 = 0, 2*r + s - 4 = -3. Suppose 5*w - y = 13, 0*w + 5*y = 2*w + 4. Let j(m) = -w*m + 5*m - 2 - 3*m. What is j(r)?
-2
Let g(z) = -z**2 + 17. Let c(n) = n**3 - 8*n**2 + 6*n + 7. Let s be c(7). Give g(s).
17
Let r(d) = -d**2 + 3*d + 4. Suppose -3*p = -c - 15, -5*c - 8 = 5*p - 33. Give r(p).
-6
Let f(t) be the first derivative of -t**2/2 - 37. Give f(0).
0
Let g(k) = 2*k**2 - 2*k - 2. Suppose -j = -2*j + 2. Suppose -16 = 2*y - 6*y - 4*h, 0 = 3*y - j*h - 7. Calculate g(y).
10
Suppose 7*f = 3*f + 8. Let b(h) = 0*h - 4*h + 0*h + f*h + 1. Give b(2).
-3
Let n(f) = 3*f**2 + 0*f**3 + f**2 + 4 + f**3. Give n(-4).
4
Let h be (12/8)/(3/20). Let o(c) = c**3 - 11*c**2 + 10*c + 4. Determine o(h).
4
Suppose 0 = -4*y + 11*y - 7. Let k(x) = 1. Let m(b) = -5*b**2 + 7. Let f(w) = 6*k(w) - m(w). What is f(y)?
4
Let v(f) = 2*f + 1. Let w(c) = 11*c + 12. Let n(r) = 5*v(r